. Suppose -t*r + 6 - 2 = 0. What is the remainder when r is divided by 1?
0
Suppose -2*x = 17*x - 266. Calculate the remainder when x is divided by 7.
0
Let f(x) = x + 32. What is the remainder when f(-17) is divided by 6?
3
Let u(h) be the first derivative of -2*h**2 + 2*h - 4. Calculate the remainder when 64 is divided by u(-5).
20
Suppose -153 = -5*o - w, -2*o + 0 = -w - 64. Calculate the remainder when o is divided by 11.
9
Calculate the remainder when 107 is divided by 56/6*(-3 + 6).
23
Let j be (25/15)/(1/3). Suppose 26 = j*a - 19. Calculate the remainder when 26 is divided by a.
8
Let w = -71 - -112. What is the remainder when w is divided by 11?
8
Suppose -2*o + 35 + 13 = 0. Calculate the remainder when o is divided by 9.
6
Let w(g) = -g**3 - 3*g**2 + g - 11. Calculate the remainder when w(-5) is divided by ((-3)/(-4))/((-2)/(-24)).
7
Suppose -54 = -72*n + 70*n. What is the remainder when 105 is divided by n?
24
Let v = 35 - 4. What is the remainder when 59 is divided by v?
28
Let g(p) = 27*p**2. Let m(h) = h**2 - 5*h - 22. Calculate the remainder when g(1) is divided by m(9).
13
Let m = -5 - -20. What is the remainder when 72 is divided by m?
12
Let y(p) = p**3 - p**2 - 2. Let x be y(2). Calculate the remainder when 87*(-1)/(-3) + x is divided by 17.
14
Let n = -28 - -295. Calculate the remainder when n is divided by 27.
24
Let r = -6 - -3. Let h = 4 + 2. What is the remainder when 26 is divided by (9/h)/(r/(-28))?
12
Let s be (3 + 3)*6 + 0. Let k = s + -20. What is the remainder when 30 is divided by k?
14
Suppose 0 = 2*p - 2*c - 6, p + 5 - 32 = -5*c. Suppose 7 + 7 = n. Calculate the remainder when 2/p - 720/(-28) is divided by n.
12
Suppose -3*m - 12 = -7*m. Let c(l) = 2*l + 3. Let x be c(-6). Let p = 13 + x. Calculate the remainder when p is divided by m.
1
Let g = 20 - 7. Suppose 2*h - 6 = 0, -f = f + h - 75. Calculate the remainder when f is divided by g.
10
Let h = -27 - -49. Calculate the remainder when 63 is divided by h.
19
Suppose 0 = 4*h - 4*z - 188, -z - 2*z = 2*h - 84. What is the remainder when 82 is divided by h?
37
Suppose 2*l - 5 = 7*l. What is the remainder when (3 - (-2)/l)*11 is divided by 4?
3
Let g(s) = -s + 13. Suppose -2*l - 10 = -26. What is the remainder when 24 is divided by g(l)?
4
Let r(s) = -s**3 - 12*s**2 + 20*s + 2. Calculate the remainder when r(-14) is divided by 29.
27
Suppose 0 = t + 22 - 42. Calculate the remainder when t is divided by 8.
4
Let h be 4 + (-1 - 1) + 0. Let q(o) = 3*o**2 + 3*o - 1. Calculate the remainder when q(h) is divided by 5.
2
Let w = -70 - -80. Calculate the remainder when 35 is divided by w.
5
Calculate the remainder when (4 - (-4)/(-1)) + 10 is divided by 4.
2
Let y be (6/(-8))/((-2)/240). Suppose -y = -5*s + 5. Calculate the remainder when 35 is divided by s.
16
Let n(y) = -y**3 - y + 5*y**2 + y**2 - 3*y - 3. Let c be n(5). Suppose 0 = -c*g + 3*g - 4. Calculate the remainder when g is divided by 3.
1
Let b(r) = -10*r - 1. Let u(m) = 29*m + 3. Let w(i) = 11*b(i) + 4*u(i). Let y be w(-2). Let t = 16 - y. Calculate the remainder when t is divided by 14.
13
Let d = 2 - -1. Suppose -5*b - 11 = t + 12, 3*b + 18 = -2*t. Let x = d - b. What is the remainder when 12 is divided by x?
5
Let d(p) = p**3 + 7*p**2 - 2*p - 2. Calculate the remainder when 23 is divided by d(-7).
11
Suppose -17 = -4*a + 11. Let o be -3 + ((-2)/1 - -10). Suppose -3*t + 4 = -v + t, -28 = -4*v + o*t. Calculate the remainder when v is divided by a.
5
Suppose 0 = 3*w - 2*i + 2, 23 + 3 = 5*w + 4*i. What is the remainder when 6 is divided by 2 - 0 - (w - 4)?
2
Suppose 4*m = -16, 5*a - 71 = -m + 5*m. Calculate the remainder when a is divided by 6.
5
Let r(b) = -5 - b**2 - 26*b**3 + b + 4 + 0*b. Let n be r(1). Let o = -13 - n. What is the remainder when 41 is divided by o?
13
Suppose 0 = 6*r - 10*r - 8. What is the remainder when r/3*(-282)/4 is divided by 16?
15
Let a = -10 - -16. Let n(h) = h**2 - 6*h + 4. Let i be n(a). Suppose 4*z - 44 + i = 0. What is the remainder when z is divided by 4?
2
Suppose -201 - 39 = 5*u. Let g = -29 - u. What is the remainder when g is divided by 11?
8
Suppose -24*h = -16*h - 600. What is the remainder when h is divided by 21?
12
Suppose 3*s = -2*p - 4, -2*s - 3*p = 16 - 5. Suppose -69 = -s*t + 11. Suppose -4*x = -0*x - t. Calculate the remainder when 29 is divided by x.
9
Let m = 38 - 59. Let z = m - -32. What is the remainder when z is divided by 6?
5
Let s(i) = 2*i + 12. Let c be s(-9). Calculate the remainder when (c/8)/((-2)/56) is divided by 6.
3
What is the remainder when 3/((-6)/(-64)) - (-18 + 20) is divided by 11?
8
Let b(r) = -r**3 - 4*r**2 - 3*r. What is the remainder when 34 is divided by b(-4)?
10
What is the remainder when (-4)/(-20) - 936/(-20) is divided by 12?
11
Let h(z) = 9*z + 2. Calculate the remainder when h(7) is divided by 17.
14
Suppose 3*a - 4*a = i - 6, -5*i + 36 = -a. Suppose 2 = -5*y + i. Let b(q) = q + 7. Calculate the remainder when y is divided by b(-6).
0
Let k be 4/(-10) + 8/(-5). What is the remainder when ((-22)/5)/(k/10) is divided by ((-4)/6)/(-2)*18?
4
Let w(k) = k**3 - 5*k**2 + 5*k - 7. What is the remainder when w(6) is divided by 15?
14
Suppose y = -3*n - 7, -3*n + 0*n = 9. What is the remainder when 6 is divided by y?
0
Let w = 66 + -49. Calculate the remainder when 65 is divided by w.
14
Suppose 7*f - 27 = -3*v + 4*f, -2*f = v - 9. Let i be (-1*12 + 1)*1. Let r = i - -28. Calculate the remainder when r is divided by v.
8
Let q be ((-14)/(-4))/((-3)/6). Let c(o) = -3*o - 9. Calculate the remainder when -1 + 34 - 1*-2 is divided by c(q).
11
Suppose 0 = 14*l - 16*l + 176. Calculate the remainder when l is divided by 46.
42
Let g(t) = 24*t**3 - t**2 + 3*t - 1. Calculate the remainder when g(1) is divided by 7.
4
Calculate the remainder when 42 is divided by (1 - 3)*(2 - 0) - -19.
12
Let l = 37 - 15. Let z(p) = -2*p**3 - 3*p**2 + 3*p - 3. Calculate the remainder when z(-4) is divided by l.
21
Let z(v) = v**2 + v - 7. Suppose -4*n = -w - 15, -3*n + 2 - 7 = -4*w. Calculate the remainder when z(-5) is divided by w.
3
Let f be 3/9 + 5/3. Suppose 5*u - 13 = f*y, -2 = y - 3. What is the remainder when 5 is divided by u?
2
Suppose -3*x + 6*x - 336 = 0. Let l = 198 - x. Calculate the remainder when l is divided by 22.
20
Suppose -4*g + 2*p + 0*p = -18, 5*g - 2*p = 22. Suppose -2*u - 29 = -g*u + 5*v, -u + 14 = -2*v. What is the remainder when 33 is divided by u?
9
Let y = 41 - 38. Calculate the remainder when 4 is divided by y.
1
Let h(l) = 6*l**2 + l - 30. Let z(n) = -n**2 + 6. Let q(o) = 2*h(o) + 11*z(o). Calculate the remainder when 40 is divided by q(-4).
12
Let f = -305 - -477. Suppose f = 2*k + 38. What is the remainder when k is divided by 23?
21
Suppose 41*z - 8*z - 2706 = 0. Calculate the remainder when z is divided by ((-16)/(-6) - 2)*42.
26
Let f = 44 + -20. Calculate the remainder when ((-69)/(-4))/(7/28) is divided by f.
21
Let i(l) = -l**2 + 2*l. Let o be i(2). Suppose o = -2*r + 10, 3*c + 5*r = 2*c + 24. Let s(u) = -30*u + 1. What is the remainder when s(c) is divided by 16?
15
Let a = 0 - 3. Calculate the remainder when 44 is divided by (-71)/a + (-6)/9.
21
Suppose -7 = -k + 7*z - 2*z, 2*k - 28 = -4*z. Calculate the remainder when 21 is divided by k.
9
Let k be (8/5)/(12/30). Suppose -4 = -0*u - k*u. Calculate the remainder when u is divided by 2/3*6/4.
0
Suppose -3*r = 3*l - 45, 0 = -3*r + 5*l - 0*l + 77. Let b = -13 + 68. What is the remainder when b is divided by r?
17
Let i = 32 - 29. Calculate the remainder when i is divided by 3.
0
Suppose -2*q = -10 - 28. What is the remainder when 149 is divided by q?
16
What is the remainder when ((-12)/(-8))/((-15)/(-880)) is divided by 15?
13
Suppose 44 = 3*m - 0*m + 2*k, 68 = 4*m - 2*k. What is the remainder when m is divided by (-4)/(-10) + (-56)/(-10)?
4
Suppose 16*t = 12*t + 28. Suppose 3*z = -0*z - 4*a - 11, -4*z - 2*a + 2 = 0. What is the remainder when 66/8 + t/(-28) is divided by z?
2
Let s(k) = -13*k**3 - k**2 + k. Let x(l) = -l + 7. Let p be x(6). Let n be s(p). Let g = n + 35. What is the remainder when g is divided by 6?
4
Suppose 6 = k - 1. Let g be ((-2)/(-4))/((-2)/(-304)). Suppose 2*z - g = -2*z. Calculate the remainder when z is divided by k.
5
Suppose -38 = -3*a + 121. W